{"id":6674,"date":"2024-08-17T12:14:23","date_gmt":"2024-08-17T17:14:23","guid":{"rendered":"https:\/\/exactapublicidad.com\/?post_type=product&#038;p=6674"},"modified":"2025-01-30T12:59:27","modified_gmt":"2025-01-30T17:59:27","slug":"rotulo-doble-cara","status":"publish","type":"product","link":"https:\/\/exactapublicidad.com\/index.php\/producto\/rotulo-doble-cara\/","title":{"rendered":"R\u00f3tulo Doble Cara"},"content":{"rendered":"<p>Ideal para: Restaurantes, peluquer\u00edas, farmacias, tiendas, helader\u00edas y muchos otros negocios, es apto para lugares muy transitados, su vista de doble tanto de subida como de bajada, la iluminaci\u00f3n atrae a los consumidores.<\/p>\n","protected":false},"excerpt":{"rendered":"<ul>\n<li>Estructura Met\u00e1lica<\/li>\n<li>Pintura para exterior<\/li>\n<li>Impresi\u00f3n full color<\/li>\n<li>Medida 50x50cm<\/li>\n<li><strong>Con o sin Iluminaci\u00f3n<\/strong><\/li>\n<li>Doble Cara<\/li>\n<li>L\u00e1mina de protecci\u00f3n<\/li>\n<li>Medida Personalizada<\/li>\n<li>Incluye dise\u00f1o totalmente personalizado<\/li>\n<\/ul>\n","protected":false},"featured_media":6676,"template":"","meta":{"_monsterinsights_skip_tracking":false,"_monsterinsights_sitenote_active":false,"_monsterinsights_sitenote_note":"","_monsterinsights_sitenote_category":0,"site-sidebar-layout":"default","site-content-layout":"","ast-site-content-layout":"default","site-content-style":"default","site-sidebar-style":"default","ast-global-header-display":"","ast-banner-title-visibility":"","ast-main-header-display":"","ast-hfb-above-header-display":"","ast-hfb-below-header-display":"","ast-hfb-mobile-header-display":"","site-post-title":"","ast-breadcrumbs-content":"","ast-featured-img":"","footer-sml-layout":"","theme-transparent-header-meta":"default","adv-header-id-meta":"","stick-header-meta":"","header-above-stick-meta":"","header-main-stick-meta":"","header-below-stick-meta":"","astra-migrate-meta-layouts":"set","ast-page-background-enabled":"default","ast-page-background-meta":{"desktop":{"background-color":"","background-image":"","background-repeat":"repeat","background-position":"center center","background-size":"auto","background-attachment":"scroll","background-type":"","background-media":"","overlay-type":"","overlay-color":"","overlay-gradient":""},"tablet":{"background-color":"","background-image":"","background-repeat":"repeat","background-position":"center center","background-size":"auto","background-attachment":"scroll","background-type":"","background-media":"","overlay-type":"","overlay-color":"","overlay-gradient":""},"mobile":{"background-color":"","background-image":"","background-repeat":"repeat","background-position":"center center","background-size":"auto","background-attachment":"scroll","background-type":"","background-media":"","overlay-type":"","overlay-color":"","overlay-gradient":""}},"ast-content-background-meta":{"desktop":{"background-color":"var(--ast-global-color-5)","background-image":"","background-repeat":"repeat","background-position":"center center","background-size":"auto","background-attachment":"scroll","background-type":"","background-media":"","overlay-type":"","overlay-color":"","overlay-gradient":""},"tablet":{"background-color":"var(--ast-global-color-5)","background-image":"","background-repeat":"repeat","background-position":"center center","background-size":"auto","background-attachment":"scroll","background-type":"","background-media":"","overlay-type":"","overlay-color":"","overlay-gradient":""},"mobile":{"background-color":"var(--ast-global-color-5)","background-image":"","background-repeat":"repeat","background-position":"center center","background-size":"auto","background-attachment":"scroll","background-type":"","background-media":"","overlay-type":"","overlay-color":"","overlay-gradient":""}},"iawp_total_views":14},"product_cat":[27],"product_tag":[],"aioseo_notices":[],"_links":{"self":[{"href":"https:\/\/exactapublicidad.com\/index.php\/wp-json\/wp\/v2\/product\/6674"}],"collection":[{"href":"https:\/\/exactapublicidad.com\/index.php\/wp-json\/wp\/v2\/product"}],"about":[{"href":"https:\/\/exactapublicidad.com\/index.php\/wp-json\/wp\/v2\/types\/product"}],"wp:featuredmedia":[{"embeddable":true,"href":"https:\/\/exactapublicidad.com\/index.php\/wp-json\/wp\/v2\/media\/6676"}],"wp:attachment":[{"href":"https:\/\/exactapublicidad.com\/index.php\/wp-json\/wp\/v2\/media?parent=6674"}],"wp:term":[{"taxonomy":"product_cat","embeddable":true,"href":"https:\/\/exactapublicidad.com\/index.php\/wp-json\/wp\/v2\/product_cat?post=6674"},{"taxonomy":"product_tag","embeddable":true,"href":"https:\/\/exactapublicidad.com\/index.php\/wp-json\/wp\/v2\/product_tag?post=6674"}],"curies":[{"name":"wp","href":"https:\/\/api.w.org\/{rel}","templated":true}]}}